be 153/4 + (-3)/12. Suppose 4*x - h - j = -1, -5*h = 3*x - 45. Is (15 + -2)/(2/x) prime?
False
Let o be 1 + (0 - 1/(-1)). Suppose -15 = -o*d - d. Suppose d*c - 43 - 27 = 0. Is c a prime number?
False
Suppose 2*i = -2*i + 44. Suppose 0 = -3*o - 2 + i. Is o composite?
False
Let v(t) = 4*t**2 + 6*t - 17. Is v(-13) composite?
True
Suppose c - 11 = 10. Is c prime?
False
Let g(d) = -12*d**2 + 2*d - 3. Let t(z) be the second derivative of z**4/12 + z**2/2 - z. Let o(h) = -g(h) - 6*t(h). Is o(4) prime?
False
Let i be 4/(-6) + 77/21. Let h = 2 + i. Is (h/15)/(1/12) a composite number?
True
Let k = 3397 + -1810. Let t = k - 910. Is t a composite number?
False
Suppose 3*j + 26 = 4*u + j, 15 = -3*j. Suppose 0 = -4*i + 20, 3*i - 112 = -u*t - 41. Is t prime?
False
Let h(t) = 45*t**2 + 7*t - 11. Is h(2) composite?
True
Let y be (-3 - -1)*18/(-12). Suppose 0 = -5*x + 3*m + 966, -x + 783 = y*x + m. Suppose 5*r + 4*v + v - 945 = 0, x = r + 4*v. Is r composite?
True
Let h be 2/(-6) - 25/15. Is 1106/21*(-3)/h a composite number?
False
Suppose 4*t - t - 381 = 0. Is t prime?
True
Let l(o) = -1110*o**3 - 3*o**2 - o + 1. Is l(-1) a composite number?
False
Let r(b) = -10*b - 3. Let j = 6 + -8. Let f be r(j). Let v = 56 - f. Is v a composite number?
True
Let i = 1647 - 460. Is i a prime number?
True
Let q(m) = 155*m**2 - 3*m + 2. Let v be q(2). Let w = 984 - v. Suppose 4*t - w = 4*a, t + 4*a - 18 = 49. Is t composite?
True
Suppose -26*w + 2228 = -22*w. Is w a prime number?
True
Let w(f) = -35*f - 2. Let d(v) = 245*v + 15. Let r(m) = -2*d(m) - 15*w(m). Is r(1) prime?
False
Let d(b) = 7*b**2 + b + 4 - 4. Let i be d(4). Suppose -3*q = -i - 43. Is q a composite number?
False
Is ((-1542)/9)/((-6)/9) a prime number?
True
Let x(c) = -2*c**2. Let d be x(1). Is ((-7)/(-2))/((-1)/d) composite?
False
Let t(l) = l**3 - 7*l**2 - 7*l - 8. Let r be t(8). Let o(d) = -d**2 - d + 65. Is o(r) prime?
False
Suppose o = -3 + 5. Suppose -1262 = -4*d + o*d. Is d composite?
False
Suppose -2*b + 2 = -3*b, 2*g - 1912 = 3*b. Is g composite?
False
Is (4/8 + 0)*382 prime?
True
Suppose -148 = -4*b + 2*p, -4*b + 5*p = -2*b - 66. Suppose m = -1 + b. Is m a composite number?
False
Let u = -6 - -1. Let o = -7 - u. Is 57 - 2/(-1 - o) a composite number?
True
Let l = -4 + 3. Let a be 0 - (2 - (l + 3)). Suppose -4*c = -0*c + 20, a = 2*p - c - 31. Is p composite?
False
Let w(c) = c**2 + 7*c + 6. Let h be w(-5). Let b be (h/(-6))/(12/(-54)). Is -3 + 94/2 - b prime?
True
Let t = 100 - 26. Is t prime?
False
Let c(q) = q**3 + 8*q**2 + 5*q - 10. Let x be c(-7). Suppose -5*y = -0*y. Suppose -28 = -y*k - x*k. Is k prime?
True
Let y(c) = 3*c**2 - 14*c + 23. Is y(12) prime?
False
Let a = 1319 + -600. Is a composite?
False
Let k = -5 - -2. Let t be (-12)/14*(1 - 8). Let s = t + k. Is s prime?
True
Let c(n) = -n**3 + 8*n**2 + 2*n - 12. Let d = -4 - -12. Let h be c(d). Suppose 0*t + h*t = -4*k + 340, -2*k + t + 170 = 0. Is k a composite number?
True
Suppose 4*q - 744 = 4*w - 16200, 0 = 5*q + 10. Is w a prime number?
False
Suppose 5*y - 2*y = -4*j + 1183, 2*j - 1181 = -3*y. Is y a composite number?
True
Let v(q) = q + 4. Let g be v(0). Let d(p) = -p**3 + 3*p**2 + 6*p - 4. Let t be d(g). Suppose 5*z + 0 = -15, z = t*n - 79. Is n prime?
True
Suppose -b + 27 - 7 = 0. Suppose 0*k + 2*a - 98 = -2*k, b = -5*a. Is k composite?
False
Is (-22)/33 + (-3976)/(-6) a prime number?
False
Suppose 745 = 2*g - 141. Is g prime?
True
Let h = 9 + -4. Suppose 33 = h*a - 22. Is a prime?
True
Let z = 154 + 139. Is z a prime number?
True
Let u(t) = -3*t + 33. Let q be u(14). Let h be (-112)/(-6) - 2/3. Is (1 - h)/(3/q) composite?
True
Let p(k) = -k + 3. Let l be p(0). Suppose -4*y - b + 41 = -0*y, 3*b = l*y - 12. Suppose -30 = -n - y. Is n prime?
False
Suppose -4*u + 6*c + 61 = 3*c, 2*c - 20 = -2*u. Let n = -8 + u. Suppose -n*p + 395 = -0*p. Is p a composite number?
False
Let k(s) = -2*s**2 - s - 7. Let z(a) = -5*a**2 - 3*a - 15. Let c(g) = 9*k(g) - 4*z(g). Let v be c(2). Suppose -v = -2*j - 3. Is j a prime number?
False
Let p(k) = 338*k**2 + 5*k - 5. Is p(2) prime?
False
Let l(b) = -b**2 - b + 20. Let a be l(0). Suppose -4*y = w - 18, 2*w = -2*y - 2*y + a. Suppose -w*i = -0*i - 258. Is i a prime number?
False
Suppose 0 = -4*z - 8, -2*z + 4763 = 5*k - z. Is k composite?
False
Suppose -3*v + 0*w = 2*w - 551, 3*v = -5*w + 536. Is v prime?
False
Suppose -4*s + h + 10 = -h, -4*s + 5*h + 25 = 0. Suppose -x + 9 + 5 = s. Is x composite?
True
Let k be (-6)/18 - (-26)/6. Suppose 0 = -4*x + k*h + 368, -2*x + 3*x - 87 = 2*h. Is x composite?
False
Let n(q) = -3*q**3 - q**2 - 2*q - 3. Let r(a) = a**2 + a + 1. Let j(f) = n(f) + 2*r(f). Is j(-3) a composite number?
False
Suppose 6 + 2 = 4*j, 3*l = -4*j + 8. Suppose l = -5*u - 5, 2*q + 2*u = -0*u - 68. Let d = 22 - q. Is d a prime number?
False
Let j(t) = -t**3 + t**2 - t + 51. Let u = -2 + 2. Let o be j(u). Let z = -26 + o. Is z prime?
False
Let m be 24/(-8) + 2*-8. Let f = 44 + m. Is f composite?
True
Suppose -5*f - 50 = -1635. Is f composite?
False
Suppose 0 = -2*r + 5 + 5. Suppose 4*m = -r*q + 2*m + 245, -2*m + 143 = 3*q. Is q a prime number?
False
Suppose 3*f - 4*b = 2, -f + 5*b + 19 = -0*f. Let u be 235/75 + 2/(-15). Is (-572)/f + u/(-9) a prime number?
False
Let n(c) be the third derivative of c**7/840 + c**6/360 + c**5/30 + 3*c**2. Let u(p) be the third derivative of n(p). Is u(6) prime?
False
Let m(u) = 5*u**2 + 4*u + 18. Is m(-7) prime?
False
Let k(u) = -21*u - 21. Let n(s) = 11*s + 10. Let l(c) = -3*k(c) - 5*n(c). Is l(9) prime?
False
Suppose -2*f = -10, 4*b = -b - 5*f + 7940. Is b a composite number?
False
Let l(q) = -q**3 + 7*q**2 + 3. Suppose -4*c + 15 + 9 = 0. Is l(c) a composite number?
True
Let v be 1 + 1 - (165 + -1). Let h = v + 253. Suppose -4*b + h = r, 2*r = b + 74 + 90. Is r a composite number?
False
Let k be (22/(-3))/(2/(-3)). Let p = -14 - -34. Let y = k + p. Is y a prime number?
True
Let a be (-172)/(-36) + 4/18. Suppose u - 2 + 3 = 0, -599 = -a*h + 4*u. Is h a prime number?
False
Suppose 7*y - 10*y + 27 = 0. Let j(w) = 6*w - 8. Let f be j(y). Suppose f = g + g. Is g composite?
False
Suppose 11*w = 6*w + 1340. Let l = w + -155. Is l prime?
True
Let b(l) = 9*l**3 + l**2 - 4*l - 3. Let h be b(-2). Let u = 123 + h. Suppose -4*t + 3*a + u = 7*a, -3*a = 5*t - 83. Is t a prime number?
True
Suppose 2*a = 6*a - 20. Suppose 2*n - 3*r - 1312 = -r, a = -5*r. Let k = -396 + n. Is k prime?
False
Let q = 4 + -2. Suppose 2*s - 2*y = 50, -2*s + 0*y = -y - 46. Suppose -s = q*l - 5*l. Is l composite?
False
Let x(v) = 46*v + 2. Let t be x(-4). Let i be (1 + 0)/((-1)/t). Suppose -i = -5*h + 63. Is h a composite number?
True
Let k(f) = -f**2 - 4*f. Let b be k(3). Let g be (-66)/(-14) - 6/b. Suppose g*w - 79 = 4*w. Is w prime?
True
Let b(o) = 4*o**3 - 45*o**2 + 35*o - 10. Let l(v) = -3*v**3 + 30*v**2 - 23*v + 7. Let u(w) = -5*b(w) - 7*l(w). Is u(-10) composite?
False
Let x = 167 - 8. Is x a prime number?
False
Let u be -2 + 9 + 0 + -2. Suppose 85 + 70 = u*j. Is j a prime number?
True
Suppose -2*w - 3*w + p - 59 = 0, -p = w + 13. Is 6/w + (-838)/(-4) a prime number?
False
Let t(v) = -3 + 3 + v + 2. Let w be t(0). Suppose 2*c - 283 = 3*m - 14, -2*c - w*m = -244. Is c composite?
False
Suppose v - 10 = -0*v. Is (-708)/(-15) - 2/v prime?
True
Is (-3 - -4) + 128 + 4 a prime number?
False
Let z be (-4)/18 + 1636/(-9). Let f = -105 - z. Is f a composite number?
True
Let n(y) = -51*y**3 - 6*y**2 + 2*y - 4. Is n(-3) a composite number?
True
Let z = -310 - -471. Is z composite?
True
Suppose 4*s - 3*y - 2711 = 0, -3*s + 4*y = -8*s + 3381. Is s a prime number?
True
Suppose 0*w = w - m - 27, 36 = w - 4*m. Let r = 7 + w. Is r a prime number?
True
Let p be 1 - 15*20/(-6). Let f = -17 + p. Suppose -f = -j - 13. Is j prime?
False
Let o be (-2)/3 - 80/24. Let n = o + 15. Is n a composite number?
False
Let a(y) = y**3 + 8*y**2 + 5*y - 10. Let c be a(-7). Suppose c*w - x - x - 86 = 0, 2*w + 5*x - 37 = 0. Is w a prime number?
False
Let h be -17*-3*(-3)/9. Let n = h + 50. Is n prime?
False
Let y be (-1)/2 + (-166)/(-4). Let q = y + -76. Let b = q + 61. Is b a composite number?
True
Let k(t) = -t**3 + t - 2. Let z be k(-2). Suppose 3 = z*o - 13. Is ((-6)/o - -2)*62 a composite number?
False
Let d(m) = -6*m + 0 + 29*m - 5 +